hen 154605 is divided by 5934?
321
Calculate the remainder when 345531 is divided by 37.
25
What is the remainder when 18036 is divided by 1588?
568
What is the remainder when 86882 is divided by 351?
185
Calculate the remainder when 188238594 is divided by 66.
60
Calculate the remainder when 657581 is divided by 7920.
221
Calculate the remainder when 667421 is divided by 20224.
29
What is the remainder when 938737 is divided by 870?
7
What is the remainder when 132519658 is divided by 141884?
2
Calculate the remainder when 469041 is divided by 156346.
3
Calculate the remainder when 69473 is divided by 68744.
729
Calculate the remainder when 366650 is divided by 607.
22
What is the remainder when 17326956 is divided by 51?
12
What is the remainder when 381716 is divided by 9787?
23
What is the remainder when 303679 is divided by 11676?
103
Calculate the remainder when 6037719 is divided by 862530.
9
Calculate the remainder when 41472303 is divided by 797544.
15
What is the remainder when 53631035 is divided by 17877002?
29
What is the remainder when 121769 is divided by 122?
13
What is the remainder when 2659162 is divided by 2169?
2137
What is the remainder when 56104 is divided by 488?
472
What is the remainder when 24996 is divided by 2724?
480
What is the remainder when 7044190 is divided by 5499?
5470
What is the remainder when 660025 is divided by 219970?
115
What is the remainder when 396344926 is divided by 103?
102
Calculate the remainder when 113440 is divided by 11144.
2000
What is the remainder when 1504719 is divided by 61?
32
Calculate the remainder when 18346144 is divided by 6.
4
What is the remainder when 99547212 is divided by 4462?
4454
Calculate the remainder when 1394962 is divided by 376.
2
What is the remainder when 3727652 is divided by 374?
368
What is the remainder when 30768 is divided by 15167?
434
What is the remainder when 139015736 is divided by 1535?
1531
Calculate the remainder when 88733465 is divided by 22183360.
25
What is the remainder when 5108256 is divided by 268849?
125
Calculate the remainder when 3353143 is divided by 2733.
2485
Calculate the remainder when 23581 is divided by 3420.
3061
What is the remainder when 3563791 is divided by 34939?
13
Calculate the remainder when 60578 is divided by 20176.
50
What is the remainder when 110695 is divided by 13826?
87
What is the remainder when 540026 is divided by 90003?
8
Calculate the remainder when 3167329 is divided by 2609.
3
What is the remainder when 353536 is divided by 27118?
1002
Calculate the remainder when 525695 is divided by 586.
53
What is the remainder when 1315618 is divided by 2530?
18
What is the remainder when 11163 is divided by 97?
8
What is the remainder when 24981161 is divided by 4322?
1
What is the remainder when 52357111 is divided by 92?
3
Calculate the remainder when 114389 is divided by 191.
171
Calculate the remainder when 125409 is divided by 41735.
204
Calculate the remainder when 1781421 is divided by 137031.
18
Calculate the remainder when 2430938 is divided by 135.
128
Calculate the remainder when 499575 is divided by 99905.
50
Calculate the remainder when 117320838 is divided by 104.
102
What is the remainder when 31370823 is divided by 179?
178
What is the remainder when 58252 is divided by 54080?
4172
What is the remainder when 15979443 is divided by 43?
41
Calculate the remainder when 5046923 is divided by 265.
263
What is the remainder when 142951925 is divided by 111594?
11
Calculate the remainder when 3827604 is divided by 7.
4
What is the remainder when 30654910 is divided by 54?
28
Calculate the remainder when 820409 is divided by 2077.
2071
What is the remainder when 4081463 is divided by 722?
719
Calculate the remainder when 84415 is divided by 1650.
265
Calculate the remainder when 9003293 is divided by 518.
453
Calculate the remainder when 150187 is divided by 319.
257
Calculate the remainder when 2086423 is divided by 74512.
87
What is the remainder when 71646 is divided by 16218?
6774
Calculate the remainder when 394499 is divided by 3156.
3155
Calculate the remainder when 599428 is divided by 2387.
291
Calculate the remainder when 292430 is divided by 60.
50
What is the remainder when 37017 is divided by 429?
123
What is the remainder when 1436940 is divided by 1022?
8
What is the remainder when 133095 is divided by 984?
255
Calculate the remainder when 10039273 is divided by 2007813.
208
What is the remainder when 316087 is divided by 175?
37
What is the remainder when 6322224 is divided by 116?
108
Calculate the remainder when 84967 is divided by 84.
43
Calculate the remainder when 6406102 is divided by 1201.
1169
What is the remainder when 12400630 is divided by 128?
118
What is the remainder when 304859 is divided by 107?
16
What is the remainder when 1410996 is divided by 372?
0
Calculate the remainder when 16522874 is divided by 7490.
7424
What is the remainder when 1688960 is divided by 2639?
0
What is the remainder when 320341 is divided by 279?
49
Calculate the remainder when 204948 is divided by 480.
468
Calculate the remainder when 43844668 is divided by 10961165.
8
Calculate the remainder when 26429 is divided by 19135.
7294
Calculate the remainder when 311978 is divided by 101713.
6839
What is the remainder when 72197723 is divided by 36098859?
5
What is the remainder when 21847071 is divided by 1763?
1738
What is the remainder when 3387226 is divided by 6774?
226
Calculate the remainder when 2844777 is divided by 50.
27
Calculate the remainder when 41167618 is divided by 19.
14
What is the remainder when 184456 is divided by 7682?
88
Calculate the remainder when 12166263 is divided by 7049.
6738
Calculate the remainder when 22299 is divided by 22243.
56
Calculate the remainder when 6995 is divided by 6189.
806
What is the remainder when 8216872 is divided by 2054180?
152
Calculate the remainder when 11288004 is divided by 69.
18
Calculate the remainder when 358677 is divided by 4785.
4587
What is the remainder when 510199 is divided by 23190?
19
What is the remainder when 87279 is divided by 3948?
423
Calculate the remainder when 151545 is divided by 851.
67
Calculate the remainder when 433926 is divided by 86781.
21
What is the remainder when 26405301 is divided by 5281053?
36
Calculate the remainder when 158253764 is divided by 2408.
4
Calculate the remainder when 164010 is divided by 18218.
48
Calculate the remainder when 725650 is divided by 60464.
82
Calculate the remainder when 11390407 is divided by 114.
97
What is the remainder when 24892107 is divided by 23177?
9
What is the remainder when 21257639 is divided by 10628816?
7
What is the remainder when 40180650 is divided by 453?
3
What is the remainder when 86340034 is divided by 17268005?
9
What is the remainder when 159822269 is divided by 64?
61
What is the remainder when 16461 is divided by 195?
81
What is the remainder when 101161 is divided by 1212?
565
Calculate the remainder when 54455951 is divided by 222.
17
What is the remainder when 484868217 is divided by 19?
16
Calculate the remainder when 13423178 is divided by 2099.
73
Calculate the remainder when 116706112 is divided by 762785.
7
What is the remainder when 241089598 is divided by 200?
198
What is the remainder when 105523 is divided by 270?
223
What is the remainder when 30670646 is divided by 15335294?
58
Calculate the remainder when 156967 is divided by 3150.
2617
What is the remainder when 795017 is divided by 132485?
107
What is the remainder when 2260059 is divided by 343?
32
Calculate the remainder when 28746178 is divided by 1751.
11
Calculate the remainder when 4418980 is divided by 4134.
3868
What is the remainder when 1358184 is divided by 5829?
27
Calculate the remainder when 736064 is divided by 1187.
124
What is the remainder when 7868762 is divided by 2946?
2942
Calculate the remainder when 3539293 is divided by 32.
29
What is the remainder when 94449 is divided by 892?
789
What is the remainder when 522291 is divided by 130541?
127
Calculate the remainder when 284340 is divided by 34.
32
Calculate the remainder when 71861 is divided by 35301.
1259
What is the remainder when 1370497 is divided by 802?
681
Calculate the remainder when 34092944 is divi